1000
In base 6, what is 5 + 505211?
505220
In base 4, what is 20023322 - 2?
20023320
In base 15, what is -4 + 23dbd?
23db9
In base 7, what is 6354 - -215?
6602
In base 11, what is 148 + 3770?
3908
In base 9, what is 1004 + -85?
808
In base 13, what is 22 - -3216?
3238
In base 10, what is -21 - 4433?
-4454
In base 13, what is -4 + -2b47?
-2b4b
In base 5, what is 441314 - -2?
441321
In base 12, what is 5 + -107b5?
-107b0
In base 5, what is 1113044 + -3?
1113041
In base 6, what is -345 - 314?
-1103
In base 3, what is -20 + 101201011210?
101201011120
In base 4, what is 1 + 21000330?
21000331
In base 8, what is 310 + -63?
225
In base 14, what is -2 + 2a26?
2a24
In base 4, what is -10 + -1121022?
-1121032
In base 4, what is 11 + -23231321?
-23231310
In base 2, what is 1010 - 11011000111001000?
-11011000110111110
In base 8, what is -540247 - 0?
-540247
In base 12, what is -13a693 - 3?
-13a696
In base 16, what is 5 - -864d?
8652
In base 7, what is -14 - -65044?
65030
In base 7, what is -250435640 - 5?
-250435645
In base 13, what is -100a - -b7?
-c23
In base 10, what is 43 + -12573?
-12530
In base 11, what is -1a + 11767?
11748
In base 9, what is -3550 - -4?
-3545
In base 10, what is 4093 + -232?
3861
In base 2, what is 1110111100 + 10110010?
10001101110
In base 11, what is -40 - 828?
-868
In base 15, what is 8 + -10b7?
-10ae
In base 6, what is 45 - -13011?
13100
In base 9, what is -1026 - 17?
-1044
In base 13, what is 1 + -42003?
-42002
In base 12, what is -1a63 - -20?
-1a43
In base 15, what is 5 + 48b9?
48be
In base 2, what is -100010001 - -101010111001?
100110101000
In base 11, what is 104011 + 4?
104015
In base 8, what is -322013 - -64?
-321727
In base 4, what is 11320 - 211112?
-133132
In base 8, what is 210065 - -5?
210072
In base 5, what is 23 - -2031?
2104
In base 14, what is 7533b - 4?
75337
In base 7, what is -40 - -111025?
110655
In base 10, what is 22 - -529?
551
In base 7, what is 302251 + -2?
302246
In base 10, what is 1300 + -52?
1248
In base 12, what is -1a3 - 177?
-35a
In base 3, what is 21120010 - 1010?
21112000
In base 14, what is 1c - 6a7?
-689
In base 3, what is -10 + 110121120112?
110121120102
In base 7, what is -1265000 - 5?
-1265005
In base 8, what is 2 + -5111413?
-5111411
In base 14, what is -34dc - 43?
-3541
In base 8, what is 2632 + 162?
3014
In base 13, what is 54 - -100b?
1062
In base 16, what is -cf8 - 4?
-cfc
In base 11, what is -92027 - 3?
-9202a
In base 12, what is 1245a56 + 1?
1245a57
In base 8, what is -4446 + -43?
-4511
In base 6, what is -10 + 31421?
31411
In base 16, what is 4910 - 3?
490d
In base 7, what is -2 + 5544?
5542
In base 5, what is 34142 + 20104?
104301
In base 5, what is 23 + 43440?
44013
In base 7, what is -236 + -251?
-520
In base 12, what is 568 + -22?
546
In base 6, what is -40451 - -303?
-40144
In base 3, what is -111 - -1110112202?
1110112021
In base 14, what is -1b467 + 4?
-1b463
In base 13, what is -aa + 20?
-8a
In base 5, what is -204 + -12342?
-13101
In base 2, what is -101111000111100000 + 11?
-101111000111011101
In base 4, what is 31 - -203200021?
203200112
In base 6, what is -14200415 - -3?
-14200412
In base 9, what is 8888 - -116?
10115
In base 16, what is a5e8 - 3?
a5e5
In base 5, what is 410 - -313?
1223
In base 5, what is -142 - 21441?
-22133
In base 15, what is -1 + -ba1d9?
-ba1da
In base 14, what is -1 - 571?
-572
In base 6, what is -1320 - -311?
-1005
In base 4, what is -133 + -102310310?
-102311103
In base 12, what is -2 + 11a622?
11a620
In base 4, what is 132 + -203310222?
-203310030
In base 13, what is -71 + -1c6c?
-2010
In base 2, what is -101 - 101101000111000?
-101101000111101
In base 4, what is 103101 + 12000?
121101
In base 15, what is 30161 + 3e?
301a0
In base 8, what is -3220203 + 0?
-3220203
In base 15, what is -1a + -d2c?
-d47
In base 10, what is -11 - -84090?
84079
In base 10, what is -81566 - 5?
-81571
In base 3, what is 1220021102 - -220?
1220022022
In base 10, what is 19297 + -47?
19250
In base 7, what is -224 - -6311?
6054
In base 10, what is 293 - -2330?
2623
In base 13, what is -4 - 2ba903?
-2ba907
In base 15, what is -2928 + -28?
-2951
In base 3, what is 2220 + -10202100?
-10122110
In base 5, what is -10 + -120002204?
-120002214
In base 14, what is -3 + -179d?
-17a2
In base 14, what is 35273 + -10?
35263
In base 7, what is 45 - 3401?
-3323
In base 3, what is 20121120222 - -11?
20121121010
In base 6, what is 12231202 + 5?
12231211
In base 12, what is -6b02 - b?
-6b11
In base 7, what is 42225655 + 0?
42225655
In base 10, what is 16 - 48235?
-48219
In base 4, what is -213311 + -1232?
-221203
In base 15, what is -1897b + 1?
-1897a
In base 6, what is 1321021 + 2?
1321023
In base 4, what is -102 - 1012232?
-1013000
In base 13, what is 87 - -195?
24c
In base 7, what is -5 - 41240?
-41245
In base 12, what is -927 + -ba5?
-1910
In base 5, what is 214 - 334123?
-333404
In base 4, what is -11 + 100202123?
100202112
In base 12, what is 47 - -176?
201
In base 2, what is -11001 + -100110011001?
-100110110010
In base 11, what is 2 + -37?
-35
In base 12, what is 352b - -b?
353a
In base 3, what is -11 + -201021022?
-201021110
In base 16, what is efcc - c?
efc0
In base 7, what is 43 - 6561?
-6515
In base 8, what is 0 - -417067?
417067
In base 5, what is 34011 - 341?
33120
In base 16, what is -696dc + 4?
-696d8
In base 6, what is 4 + 4200031?
4200035
In base 10, what is -2437 + -37?
-2474
In base 3, what is -100 - -22202?
22102
In base 9, what is 450007 - 3?
450004
In base 10, what is -649929 + 1?
-649928
In base 7, what is 1053346 + 1?
1053350
In base 12, what is 164 - -65b9?
6761
In base 3, what is 2120200112 + 2?
2120200121
In base 14, what is -2 + -39785?
-39787
In base 13, what is 1 + -747?
-746
In base 11, what is -2890 + -2a?
-290a
In base 7, what is 33 - 202426?
-202363
In base 10, what is -1657 - -131?
-1526
In base 8, what is -12130 + 7?
-12121
In base 16, what is -a3c8 - 2?
-a3ca
In base 15, what is 321cb + -2?
321c9
In base 15, what is -1150d + -2?
-11510
In base 15, what is -6 + ead?
ea7
In base 3, what is 210 + -102000?
-101020
In base 5, what is 1133100424 + 10?
1133100434
In base 16, what is 486c + -16?
4856
In base 15, what is -3c2da + 4?
-3c2d6
In base 15, what is 5526 - -91?
55b7
In base 2, what is 1000110110111 + -101001000?
1000001101111
In base 12, what is -80 + 4930?
4870
In base 2, what is 110100111110111111000 + -101?
110100111110111110011
In base 13, what is -2c930 + -5?
-2c935
In base 12, what is -999a3 + 0?
-999a3
In base 14, what is -16a + -1c1b?
-1d87
In base 13, what is 0 + 1a4c5?
1a4c5
In base 16, what is 2e9 + 283?
56c
In base 11, what is -2 - -65278?
65276
In base 13, what is -2 - -41a7?
41a5
In base 5, what is -1421 - -3401?
1430
In base 11, what is -2a - 29539?
-29568
In base 10, what is 0 + 20343?
20343
In base 3, what is 220102112000 - 11?
220102111212
In base 15, what is -642 - -2?
-640
In base 15, what is a + -352?
-347
In base 11, what is -88aa + -19?
-8918
In base 10, what is -7457 + -286?
-7743
In base 15, what is 24 + -35860?
-3583b
In base 14, what is -449 - -10?
-439
In base 12, what is -82 + -56a?
-630
In base 3, what is -11022 + 11122110?
11111011
In base 10, what is 553 + 10?
563
In base 9, what is 262 - 573?
-311
In base 11, what is 5 - 58386?
-58381
In base 13, what is 7a6 + -19?
78a
In base 6, what is -33000 - 352?
-33352
In base 2, what is -100110 + 1000011001111000?
1000011001010010
In base 10, what is 25556 - -56?
25612
In base 7, what is 116431 + -1?
116430
In base 11, what is -156692 - 4?
-156696
In base 9, what is 280 + -408?
-118
In base 4, what is -213 - 111131310?
-111132123
In base 9, what is 336 - -8718?
10155
In base 16, what is 3 + 3eed2?
3eed5
In base 12, what is 360b14 - -5?
360b19
In base 4, what is 3 + 13123213?
13123222
In base 7, what is 5201 + 16?
5220
In base 12, what is -356 - 171?
-507
In base 16, what is 5e58c + 3?
5e58f
In base 3, what is 1200111 - 1102?
1122002
In base 14, what is 0 - -12db3?
12db3
In base 13, what is 6 + 8a7?
8b0
In base 11, what is -11 - 428?
-439
In base 4, what is 3 + -1000301?
-1000232
In base 14, what is -18 + 529a?
5282
In base 6, what is 15355 + 11?
15410
In base 2, what is -1010000000101 + 11111?
-1001111100110
In base 11, what is -a7 + -2700?
-27a7
In base 10, what is -1 + 